{"id":6332,"date":"2021-08-27T00:49:30","date_gmt":"2021-08-27T03:49:30","guid":{"rendered":"http:\/\/belmondo.com.br\/jbz\/?page_id=6332"},"modified":"2024-09-16T11:58:59","modified_gmt":"2024-09-16T14:58:59","slug":"projeto","status":"publish","type":"page","link":"https:\/\/www.belmondo.com.br\/jbz\/projeto\/","title":{"rendered":"Projeto"},"content":{"rendered":"<p><span dir=\"ltr\" role=\"presentation\">Localizado no centro do principal p\u00f3lo corporativo da cidade, o JBZ \u2013 Ed. Jo\u00e3o <\/span><span dir=\"ltr\" role=\"presentation\">Benjamin Zaffari \u2013 traz a Porto Alegre o que h\u00e1 de melhor e mais moderno na <\/span><span dir=\"ltr\" role=\"presentation\">arquitetura de escrit\u00f3rios mundial. O conceito foi gerado com base na arquitetura <\/span><span dir=\"ltr\" role=\"presentation\">limpa e s\u00f3bria, valorizando os materiais naturais e regionais. A qualidade dos <\/span><span dir=\"ltr\" role=\"presentation\">materiais soma-se \u00e0 preocupa\u00e7\u00e3o com a efici\u00eancia energ\u00e9tica e sustentabilidade, <\/span><span dir=\"ltr\" role=\"presentation\">que levou o projeto a buscar a maior certifica\u00e7\u00e3o LEED do sul do Brasil, sendo ainda <\/span><span dir=\"ltr\" role=\"presentation\">a 2a do pa\u00eds e 3a da Am\u00e9rica Latina.<\/span><\/p>\n","protected":false},"excerpt":{"rendered":"<p>Localizado no centro do principal p\u00f3lo corporativo da cidade, o JBZ \u2013 Ed. Jo\u00e3o Benjamin Zaffari \u2013 traz a Porto Alegre o que h\u00e1 de melhor e mais moderno na arquitetura de escrit\u00f3rios mundial. O conceito foi gerado com base na arquitetura limpa e s\u00f3bria, valorizando os materiais naturais e regionais. A qualidade dos materiais&#8230;  <a class=\"excerpt-read-more\" href=\"https:\/\/www.belmondo.com.br\/jbz\/projeto\/\" title=\"Read Projeto\">Read more &raquo;<\/a><\/p>\n","protected":false},"author":1,"featured_media":6731,"parent":0,"menu_order":0,"comment_status":"closed","ping_status":"closed","template":"","meta":{"_acf_changed":false,"footnotes":""},"class_list":["post-6332","page","type-page","status-publish","has-post-thumbnail","hentry"],"acf":[],"yoast_head":"<!-- This site is optimized with the Yoast SEO plugin v25.6 - https:\/\/yoast.com\/wordpress\/plugins\/seo\/ -->\n<title>Projeto - JBZ<\/title>\n<meta name=\"robots\" content=\"index, follow, max-snippet:-1, max-image-preview:large, max-video-preview:-1\" \/>\n<link rel=\"canonical\" href=\"https:\/\/www.belmondo.com.br\/jbz\/projeto\/\" \/>\n<meta property=\"og:locale\" content=\"pt_BR\" \/>\n<meta property=\"og:type\" content=\"article\" \/>\n<meta property=\"og:title\" content=\"Projeto - JBZ\" \/>\n<meta property=\"og:description\" content=\"Localizado no centro do principal p\u00f3lo corporativo da cidade, o JBZ \u2013 Ed. Jo\u00e3o Benjamin Zaffari \u2013 traz a Porto Alegre o que h\u00e1 de melhor e mais moderno na arquitetura de escrit\u00f3rios mundial. O conceito foi gerado com base na arquitetura limpa e s\u00f3bria, valorizando os materiais naturais e regionais. A qualidade dos materiais... Read more &raquo;\" \/>\n<meta property=\"og:url\" content=\"https:\/\/www.belmondo.com.br\/jbz\/projeto\/\" \/>\n<meta property=\"og:site_name\" content=\"JBZ\" \/>\n<meta property=\"article:modified_time\" content=\"2024-09-16T14:58:59+00:00\" \/>\n<meta property=\"og:image\" content=\"https:\/\/www.belmondo.com.br\/jbz\/wp-content\/uploads\/2022\/04\/projeto-1536x254-1.jpg\" \/>\n\t<meta property=\"og:image:width\" content=\"1536\" \/>\n\t<meta property=\"og:image:height\" content=\"254\" \/>\n\t<meta property=\"og:image:type\" content=\"image\/jpeg\" \/>\n<meta name=\"twitter:card\" content=\"summary_large_image\" \/>\n<script type=\"application\/ld+json\" class=\"yoast-schema-graph\">{\"@context\":\"https:\/\/schema.org\",\"@graph\":[{\"@type\":\"WebPage\",\"@id\":\"https:\/\/www.belmondo.com.br\/jbz\/projeto\/\",\"url\":\"https:\/\/www.belmondo.com.br\/jbz\/projeto\/\",\"name\":\"Projeto - JBZ\",\"isPartOf\":{\"@id\":\"https:\/\/www.belmondo.com.br\/jbz\/#website\"},\"primaryImageOfPage\":{\"@id\":\"https:\/\/www.belmondo.com.br\/jbz\/projeto\/#primaryimage\"},\"image\":{\"@id\":\"https:\/\/www.belmondo.com.br\/jbz\/projeto\/#primaryimage\"},\"thumbnailUrl\":\"https:\/\/www.belmondo.com.br\/jbz\/wp-content\/uploads\/2022\/04\/projeto-1536x254-1.jpg\",\"datePublished\":\"2021-08-27T03:49:30+00:00\",\"dateModified\":\"2024-09-16T14:58:59+00:00\",\"breadcrumb\":{\"@id\":\"https:\/\/www.belmondo.com.br\/jbz\/projeto\/#breadcrumb\"},\"inLanguage\":\"pt-BR\",\"potentialAction\":[{\"@type\":\"ReadAction\",\"target\":[\"https:\/\/www.belmondo.com.br\/jbz\/projeto\/\"]}]},{\"@type\":\"ImageObject\",\"inLanguage\":\"pt-BR\",\"@id\":\"https:\/\/www.belmondo.com.br\/jbz\/projeto\/#primaryimage\",\"url\":\"https:\/\/www.belmondo.com.br\/jbz\/wp-content\/uploads\/2022\/04\/projeto-1536x254-1.jpg\",\"contentUrl\":\"https:\/\/www.belmondo.com.br\/jbz\/wp-content\/uploads\/2022\/04\/projeto-1536x254-1.jpg\",\"width\":1536,\"height\":254},{\"@type\":\"BreadcrumbList\",\"@id\":\"https:\/\/www.belmondo.com.br\/jbz\/projeto\/#breadcrumb\",\"itemListElement\":[{\"@type\":\"ListItem\",\"position\":1,\"name\":\"In\u00edcio\",\"item\":\"https:\/\/www.belmondo.com.br\/jbz\/\"},{\"@type\":\"ListItem\",\"position\":2,\"name\":\"Projeto\"}]},{\"@type\":\"WebSite\",\"@id\":\"https:\/\/www.belmondo.com.br\/jbz\/#website\",\"url\":\"https:\/\/www.belmondo.com.br\/jbz\/\",\"name\":\"JBZ\",\"description\":\"\",\"publisher\":{\"@id\":\"https:\/\/www.belmondo.com.br\/jbz\/#organization\"},\"potentialAction\":[{\"@type\":\"SearchAction\",\"target\":{\"@type\":\"EntryPoint\",\"urlTemplate\":\"https:\/\/www.belmondo.com.br\/jbz\/?s={search_term_string}\"},\"query-input\":{\"@type\":\"PropertyValueSpecification\",\"valueRequired\":true,\"valueName\":\"search_term_string\"}}],\"inLanguage\":\"pt-BR\"},{\"@type\":\"Organization\",\"@id\":\"https:\/\/www.belmondo.com.br\/jbz\/#organization\",\"name\":\"JBZ\",\"url\":\"https:\/\/www.belmondo.com.br\/jbz\/\",\"logo\":{\"@type\":\"ImageObject\",\"inLanguage\":\"pt-BR\",\"@id\":\"https:\/\/www.belmondo.com.br\/jbz\/#\/schema\/logo\/image\/\",\"url\":\"\",\"contentUrl\":\"\",\"caption\":\"JBZ\"},\"image\":{\"@id\":\"https:\/\/www.belmondo.com.br\/jbz\/#\/schema\/logo\/image\/\"}}]}<\/script>\n<!-- \/ Yoast SEO plugin. -->","yoast_head_json":{"title":"Projeto - JBZ","robots":{"index":"index","follow":"follow","max-snippet":"max-snippet:-1","max-image-preview":"max-image-preview:large","max-video-preview":"max-video-preview:-1"},"canonical":"https:\/\/www.belmondo.com.br\/jbz\/projeto\/","og_locale":"pt_BR","og_type":"article","og_title":"Projeto - JBZ","og_description":"Localizado no centro do principal p\u00f3lo corporativo da cidade, o JBZ \u2013 Ed. Jo\u00e3o Benjamin Zaffari \u2013 traz a Porto Alegre o que h\u00e1 de melhor e mais moderno na arquitetura de escrit\u00f3rios mundial. O conceito foi gerado com base na arquitetura limpa e s\u00f3bria, valorizando os materiais naturais e regionais. A qualidade dos materiais... Read more &raquo;","og_url":"https:\/\/www.belmondo.com.br\/jbz\/projeto\/","og_site_name":"JBZ","article_modified_time":"2024-09-16T14:58:59+00:00","og_image":[{"width":1536,"height":254,"url":"https:\/\/www.belmondo.com.br\/jbz\/wp-content\/uploads\/2022\/04\/projeto-1536x254-1.jpg","type":"image\/jpeg"}],"twitter_card":"summary_large_image","schema":{"@context":"https:\/\/schema.org","@graph":[{"@type":"WebPage","@id":"https:\/\/www.belmondo.com.br\/jbz\/projeto\/","url":"https:\/\/www.belmondo.com.br\/jbz\/projeto\/","name":"Projeto - JBZ","isPartOf":{"@id":"https:\/\/www.belmondo.com.br\/jbz\/#website"},"primaryImageOfPage":{"@id":"https:\/\/www.belmondo.com.br\/jbz\/projeto\/#primaryimage"},"image":{"@id":"https:\/\/www.belmondo.com.br\/jbz\/projeto\/#primaryimage"},"thumbnailUrl":"https:\/\/www.belmondo.com.br\/jbz\/wp-content\/uploads\/2022\/04\/projeto-1536x254-1.jpg","datePublished":"2021-08-27T03:49:30+00:00","dateModified":"2024-09-16T14:58:59+00:00","breadcrumb":{"@id":"https:\/\/www.belmondo.com.br\/jbz\/projeto\/#breadcrumb"},"inLanguage":"pt-BR","potentialAction":[{"@type":"ReadAction","target":["https:\/\/www.belmondo.com.br\/jbz\/projeto\/"]}]},{"@type":"ImageObject","inLanguage":"pt-BR","@id":"https:\/\/www.belmondo.com.br\/jbz\/projeto\/#primaryimage","url":"https:\/\/www.belmondo.com.br\/jbz\/wp-content\/uploads\/2022\/04\/projeto-1536x254-1.jpg","contentUrl":"https:\/\/www.belmondo.com.br\/jbz\/wp-content\/uploads\/2022\/04\/projeto-1536x254-1.jpg","width":1536,"height":254},{"@type":"BreadcrumbList","@id":"https:\/\/www.belmondo.com.br\/jbz\/projeto\/#breadcrumb","itemListElement":[{"@type":"ListItem","position":1,"name":"In\u00edcio","item":"https:\/\/www.belmondo.com.br\/jbz\/"},{"@type":"ListItem","position":2,"name":"Projeto"}]},{"@type":"WebSite","@id":"https:\/\/www.belmondo.com.br\/jbz\/#website","url":"https:\/\/www.belmondo.com.br\/jbz\/","name":"JBZ","description":"","publisher":{"@id":"https:\/\/www.belmondo.com.br\/jbz\/#organization"},"potentialAction":[{"@type":"SearchAction","target":{"@type":"EntryPoint","urlTemplate":"https:\/\/www.belmondo.com.br\/jbz\/?s={search_term_string}"},"query-input":{"@type":"PropertyValueSpecification","valueRequired":true,"valueName":"search_term_string"}}],"inLanguage":"pt-BR"},{"@type":"Organization","@id":"https:\/\/www.belmondo.com.br\/jbz\/#organization","name":"JBZ","url":"https:\/\/www.belmondo.com.br\/jbz\/","logo":{"@type":"ImageObject","inLanguage":"pt-BR","@id":"https:\/\/www.belmondo.com.br\/jbz\/#\/schema\/logo\/image\/","url":"","contentUrl":"","caption":"JBZ"},"image":{"@id":"https:\/\/www.belmondo.com.br\/jbz\/#\/schema\/logo\/image\/"}}]}},"_links":{"self":[{"href":"https:\/\/www.belmondo.com.br\/jbz\/wp-json\/wp\/v2\/pages\/6332","targetHints":{"allow":["GET"]}}],"collection":[{"href":"https:\/\/www.belmondo.com.br\/jbz\/wp-json\/wp\/v2\/pages"}],"about":[{"href":"https:\/\/www.belmondo.com.br\/jbz\/wp-json\/wp\/v2\/types\/page"}],"author":[{"embeddable":true,"href":"https:\/\/www.belmondo.com.br\/jbz\/wp-json\/wp\/v2\/users\/1"}],"replies":[{"embeddable":true,"href":"https:\/\/www.belmondo.com.br\/jbz\/wp-json\/wp\/v2\/comments?post=6332"}],"version-history":[{"count":61,"href":"https:\/\/www.belmondo.com.br\/jbz\/wp-json\/wp\/v2\/pages\/6332\/revisions"}],"predecessor-version":[{"id":6825,"href":"https:\/\/www.belmondo.com.br\/jbz\/wp-json\/wp\/v2\/pages\/6332\/revisions\/6825"}],"wp:featuredmedia":[{"embeddable":true,"href":"https:\/\/www.belmondo.com.br\/jbz\/wp-json\/wp\/v2\/media\/6731"}],"wp:attachment":[{"href":"https:\/\/www.belmondo.com.br\/jbz\/wp-json\/wp\/v2\/media?parent=6332"}],"curies":[{"name":"wp","href":"https:\/\/api.w.org\/{rel}","templated":true}]}}